{"id":9349,"date":"2022-11-25T12:33:41","date_gmt":"2022-11-25T10:33:41","guid":{"rendered":"https:\/\/www.proteyco.es\/?post_type=portfolio&#038;p=9349"},"modified":"2022-11-25T12:35:04","modified_gmt":"2022-11-25T10:35:04","slug":"residencial-el-bercial","status":"publish","type":"portfolio","link":"https:\/\/www.proteyco.es\/en\/portfolio\/residencial-el-bercial\/","title":{"rendered":"Residencial El Bercial"},"content":{"rendered":"<ul>\n<li><strong> Ubicaci\u00f3n: <\/strong><\/li>\n<\/ul>\n<p>El Bercial, Getafe. Madrid.<\/p>\n<ul>\n<li><strong> Tipo de actividad:<\/strong><\/li>\n<\/ul>\n<p>Residencial, con garaje, zonas verdes y piscina.<\/p>\n<ul>\n<li><strong> Descripci\u00f3n:<\/strong><\/li>\n<\/ul>\n<p>40 viviendas de 3 dormitorios con terraza ubicadas en una excelente zona consolidada, rodeada de zonas verdes y parques como el Parque de la Chopera y\u00a0 el Parque de Andr\u00e9s Fern\u00e1ndez.<\/p>\n<p>Edificio de 7 plantas sobre rasante y dos s\u00f3tanos, para el aparcamiento y los trasteros.<\/p>\n<p>M\u00e1s de 2.000 metros cuadrados de zona verde, parque infantil y piscina.<\/p>\n<ul>\n<li><strong> Principales actuaciones:<\/strong><\/li>\n<\/ul>\n<p>Revisi\u00f3n de proyectos b\u00e1sicos y de ejecuci\u00f3n, seguimiento de tramitaci\u00f3n de licencias, direcci\u00f3n de ejecuci\u00f3n de la obra, coordinaci\u00f3n de seguridad y<\/p>\n<p>salud de la obra, servicios de\u00a0 ingenier\u00eda, colaboraci\u00f3n en la entrega de las viviendas, servicios de post venta.<\/p>\n","protected":false},"excerpt":{"rendered":"<p>Ubicaci\u00f3n: El Bercial, Getafe. Madrid. Tipo de actividad: Residencial, con garaje, zonas verdes y piscina. Descripci\u00f3n: 40 viviendas de 3 dormitorios con terraza ubicadas en una excelente zona consolidada, rodeada de zonas verdes y parques como el Parque de la Chopera y\u00a0 el Parque de Andr\u00e9s Fern\u00e1ndez. Edificio de 7 plantas sobre rasante y dos [&hellip;]<\/p>\n","protected":false},"author":2,"featured_media":9343,"comment_status":"closed","ping_status":"closed","template":"","format":"gallery","meta":{"footnotes":""},"portfolio_category":[115,281],"portfolio_tag":[285,283,284,282,278,245,280],"class_list":["post-9349","portfolio","type-portfolio","status-publish","format-gallery","has-post-thumbnail","hentry","portfolio_category-otros-proyectos-3","portfolio_category-residencial","portfolio_tag-edificacion","portfolio_tag-licencia","portfolio_tag-obra","portfolio_tag-proyecto","portfolio_tag-realestate","portfolio_tag-residencial","portfolio_tag-vivienda"],"yoast_head":"<!-- This site is optimized with the Yoast SEO plugin v27.5 - https:\/\/yoast.com\/product\/yoast-seo-wordpress\/ -->\n<title>Residencial El Bercial - Proteyco<\/title>\n<meta name=\"robots\" content=\"index, follow, max-snippet:-1, max-image-preview:large, max-video-preview:-1\" \/>\n<link rel=\"canonical\" href=\"https:\/\/www.proteyco.es\/en\/portfolio\/residencial-el-bercial\/\" \/>\n<meta property=\"og:locale\" content=\"en_US\" \/>\n<meta property=\"og:type\" content=\"article\" \/>\n<meta property=\"og:title\" content=\"Residencial El Bercial - Proteyco\" \/>\n<meta property=\"og:description\" content=\"Ubicaci\u00f3n: El Bercial, Getafe. Madrid. Tipo de actividad: Residencial, con garaje, zonas verdes y piscina. Descripci\u00f3n: 40 viviendas de 3 dormitorios con terraza ubicadas en una excelente zona consolidada, rodeada de zonas verdes y parques como el Parque de la Chopera y\u00a0 el Parque de Andr\u00e9s Fern\u00e1ndez. Edificio de 7 plantas sobre rasante y dos [&hellip;]\" \/>\n<meta property=\"og:url\" content=\"https:\/\/www.proteyco.es\/en\/portfolio\/residencial-el-bercial\/\" \/>\n<meta property=\"og:site_name\" content=\"Proteyco\" \/>\n<meta property=\"article:modified_time\" content=\"2022-11-25T10:35:04+00:00\" \/>\n<meta property=\"og:image\" content=\"https:\/\/www.proteyco.es\/wp-content\/uploads\/2022\/11\/Bercial-Proyecto-en-curso.jpg\" \/>\n\t<meta property=\"og:image:width\" content=\"1200\" \/>\n\t<meta property=\"og:image:height\" content=\"1200\" \/>\n\t<meta property=\"og:image:type\" content=\"image\/jpeg\" \/>\n<meta name=\"twitter:card\" content=\"summary_large_image\" \/>\n<meta name=\"twitter:site\" content=\"@Proteyco\" \/>\n<meta name=\"twitter:label1\" content=\"Est. reading time\" \/>\n\t<meta name=\"twitter:data1\" content=\"1 minute\" \/>\n<script type=\"application\/ld+json\" class=\"yoast-schema-graph\">{\"@context\":\"https:\\\/\\\/schema.org\",\"@graph\":[{\"@type\":\"WebPage\",\"@id\":\"https:\\\/\\\/www.proteyco.es\\\/en\\\/portfolio\\\/residencial-el-bercial\\\/\",\"url\":\"https:\\\/\\\/www.proteyco.es\\\/en\\\/portfolio\\\/residencial-el-bercial\\\/\",\"name\":\"Residencial El Bercial - Proteyco\",\"isPartOf\":{\"@id\":\"https:\\\/\\\/www.proteyco.es\\\/en\\\/#website\"},\"primaryImageOfPage\":{\"@id\":\"https:\\\/\\\/www.proteyco.es\\\/en\\\/portfolio\\\/residencial-el-bercial\\\/#primaryimage\"},\"image\":{\"@id\":\"https:\\\/\\\/www.proteyco.es\\\/en\\\/portfolio\\\/residencial-el-bercial\\\/#primaryimage\"},\"thumbnailUrl\":\"https:\\\/\\\/www.proteyco.es\\\/wp-content\\\/uploads\\\/2022\\\/11\\\/Bercial-Proyecto-en-curso.jpg\",\"datePublished\":\"2022-11-25T10:33:41+00:00\",\"dateModified\":\"2022-11-25T10:35:04+00:00\",\"breadcrumb\":{\"@id\":\"https:\\\/\\\/www.proteyco.es\\\/en\\\/portfolio\\\/residencial-el-bercial\\\/#breadcrumb\"},\"inLanguage\":\"en-US\",\"potentialAction\":[{\"@type\":\"ReadAction\",\"target\":[\"https:\\\/\\\/www.proteyco.es\\\/en\\\/portfolio\\\/residencial-el-bercial\\\/\"]}]},{\"@type\":\"ImageObject\",\"inLanguage\":\"en-US\",\"@id\":\"https:\\\/\\\/www.proteyco.es\\\/en\\\/portfolio\\\/residencial-el-bercial\\\/#primaryimage\",\"url\":\"https:\\\/\\\/www.proteyco.es\\\/wp-content\\\/uploads\\\/2022\\\/11\\\/Bercial-Proyecto-en-curso.jpg\",\"contentUrl\":\"https:\\\/\\\/www.proteyco.es\\\/wp-content\\\/uploads\\\/2022\\\/11\\\/Bercial-Proyecto-en-curso.jpg\",\"width\":1200,\"height\":1200,\"caption\":\"Bercial Proyecto en curso\"},{\"@type\":\"BreadcrumbList\",\"@id\":\"https:\\\/\\\/www.proteyco.es\\\/en\\\/portfolio\\\/residencial-el-bercial\\\/#breadcrumb\",\"itemListElement\":[{\"@type\":\"ListItem\",\"position\":1,\"name\":\"Portada\",\"item\":\"https:\\\/\\\/www.proteyco.es\\\/en\\\/\"},{\"@type\":\"ListItem\",\"position\":2,\"name\":\"Portfolio\",\"item\":\"https:\\\/\\\/www.proteyco.es\\\/en\\\/portfolio\\\/\"},{\"@type\":\"ListItem\",\"position\":3,\"name\":\"Residencial El Bercial\"}]},{\"@type\":\"WebSite\",\"@id\":\"https:\\\/\\\/www.proteyco.es\\\/en\\\/#website\",\"url\":\"https:\\\/\\\/www.proteyco.es\\\/en\\\/\",\"name\":\"Proteyco, Ingenier\u00eda y Urbanismo\",\"description\":\"Ingenier\u00eda y Urbanismo\",\"publisher\":{\"@id\":\"https:\\\/\\\/www.proteyco.es\\\/en\\\/#organization\"},\"potentialAction\":[{\"@type\":\"SearchAction\",\"target\":{\"@type\":\"EntryPoint\",\"urlTemplate\":\"https:\\\/\\\/www.proteyco.es\\\/en\\\/?s={search_term_string}\"},\"query-input\":{\"@type\":\"PropertyValueSpecification\",\"valueRequired\":true,\"valueName\":\"search_term_string\"}}],\"inLanguage\":\"en-US\"},{\"@type\":\"Organization\",\"@id\":\"https:\\\/\\\/www.proteyco.es\\\/en\\\/#organization\",\"name\":\"Proteyco Ingenier\u00eda y Urbanismo\",\"url\":\"https:\\\/\\\/www.proteyco.es\\\/en\\\/\",\"logo\":{\"@type\":\"ImageObject\",\"inLanguage\":\"en-US\",\"@id\":\"https:\\\/\\\/www.proteyco.es\\\/en\\\/#\\\/schema\\\/logo\\\/image\\\/\",\"url\":\"https:\\\/\\\/www.proteyco.es\\\/wp-content\\\/uploads\\\/2016\\\/07\\\/Logo-proteyco.png\",\"contentUrl\":\"https:\\\/\\\/www.proteyco.es\\\/wp-content\\\/uploads\\\/2016\\\/07\\\/Logo-proteyco.png\",\"width\":142,\"height\":71,\"caption\":\"Proteyco Ingenier\u00eda y Urbanismo\"},\"image\":{\"@id\":\"https:\\\/\\\/www.proteyco.es\\\/en\\\/#\\\/schema\\\/logo\\\/image\\\/\"},\"sameAs\":[\"https:\\\/\\\/x.com\\\/Proteyco\",\"https:\\\/\\\/www.linkedin.com\\\/company\\\/proteyco-ib-rica-s.a.\",\"https:\\\/\\\/www.youtube.com\\\/channel\\\/UCz7LVFTQjK_wKB9pI1JWrQQ\"]}]}<\/script>\n<!-- \/ Yoast SEO plugin. -->","yoast_head_json":{"title":"Residencial El Bercial - Proteyco","robots":{"index":"index","follow":"follow","max-snippet":"max-snippet:-1","max-image-preview":"max-image-preview:large","max-video-preview":"max-video-preview:-1"},"canonical":"https:\/\/www.proteyco.es\/en\/portfolio\/residencial-el-bercial\/","og_locale":"en_US","og_type":"article","og_title":"Residencial El Bercial - Proteyco","og_description":"Ubicaci\u00f3n: El Bercial, Getafe. Madrid. Tipo de actividad: Residencial, con garaje, zonas verdes y piscina. Descripci\u00f3n: 40 viviendas de 3 dormitorios con terraza ubicadas en una excelente zona consolidada, rodeada de zonas verdes y parques como el Parque de la Chopera y\u00a0 el Parque de Andr\u00e9s Fern\u00e1ndez. Edificio de 7 plantas sobre rasante y dos [&hellip;]","og_url":"https:\/\/www.proteyco.es\/en\/portfolio\/residencial-el-bercial\/","og_site_name":"Proteyco","article_modified_time":"2022-11-25T10:35:04+00:00","og_image":[{"width":1200,"height":1200,"url":"https:\/\/www.proteyco.es\/wp-content\/uploads\/2022\/11\/Bercial-Proyecto-en-curso.jpg","type":"image\/jpeg"}],"twitter_card":"summary_large_image","twitter_site":"@Proteyco","twitter_misc":{"Est. reading time":"1 minute"},"schema":{"@context":"https:\/\/schema.org","@graph":[{"@type":"WebPage","@id":"https:\/\/www.proteyco.es\/en\/portfolio\/residencial-el-bercial\/","url":"https:\/\/www.proteyco.es\/en\/portfolio\/residencial-el-bercial\/","name":"Residencial El Bercial - Proteyco","isPartOf":{"@id":"https:\/\/www.proteyco.es\/en\/#website"},"primaryImageOfPage":{"@id":"https:\/\/www.proteyco.es\/en\/portfolio\/residencial-el-bercial\/#primaryimage"},"image":{"@id":"https:\/\/www.proteyco.es\/en\/portfolio\/residencial-el-bercial\/#primaryimage"},"thumbnailUrl":"https:\/\/www.proteyco.es\/wp-content\/uploads\/2022\/11\/Bercial-Proyecto-en-curso.jpg","datePublished":"2022-11-25T10:33:41+00:00","dateModified":"2022-11-25T10:35:04+00:00","breadcrumb":{"@id":"https:\/\/www.proteyco.es\/en\/portfolio\/residencial-el-bercial\/#breadcrumb"},"inLanguage":"en-US","potentialAction":[{"@type":"ReadAction","target":["https:\/\/www.proteyco.es\/en\/portfolio\/residencial-el-bercial\/"]}]},{"@type":"ImageObject","inLanguage":"en-US","@id":"https:\/\/www.proteyco.es\/en\/portfolio\/residencial-el-bercial\/#primaryimage","url":"https:\/\/www.proteyco.es\/wp-content\/uploads\/2022\/11\/Bercial-Proyecto-en-curso.jpg","contentUrl":"https:\/\/www.proteyco.es\/wp-content\/uploads\/2022\/11\/Bercial-Proyecto-en-curso.jpg","width":1200,"height":1200,"caption":"Bercial Proyecto en curso"},{"@type":"BreadcrumbList","@id":"https:\/\/www.proteyco.es\/en\/portfolio\/residencial-el-bercial\/#breadcrumb","itemListElement":[{"@type":"ListItem","position":1,"name":"Portada","item":"https:\/\/www.proteyco.es\/en\/"},{"@type":"ListItem","position":2,"name":"Portfolio","item":"https:\/\/www.proteyco.es\/en\/portfolio\/"},{"@type":"ListItem","position":3,"name":"Residencial El Bercial"}]},{"@type":"WebSite","@id":"https:\/\/www.proteyco.es\/en\/#website","url":"https:\/\/www.proteyco.es\/en\/","name":"Proteyco, Ingenier\u00eda y Urbanismo","description":"Ingenier\u00eda y Urbanismo","publisher":{"@id":"https:\/\/www.proteyco.es\/en\/#organization"},"potentialAction":[{"@type":"SearchAction","target":{"@type":"EntryPoint","urlTemplate":"https:\/\/www.proteyco.es\/en\/?s={search_term_string}"},"query-input":{"@type":"PropertyValueSpecification","valueRequired":true,"valueName":"search_term_string"}}],"inLanguage":"en-US"},{"@type":"Organization","@id":"https:\/\/www.proteyco.es\/en\/#organization","name":"Proteyco Ingenier\u00eda y Urbanismo","url":"https:\/\/www.proteyco.es\/en\/","logo":{"@type":"ImageObject","inLanguage":"en-US","@id":"https:\/\/www.proteyco.es\/en\/#\/schema\/logo\/image\/","url":"https:\/\/www.proteyco.es\/wp-content\/uploads\/2016\/07\/Logo-proteyco.png","contentUrl":"https:\/\/www.proteyco.es\/wp-content\/uploads\/2016\/07\/Logo-proteyco.png","width":142,"height":71,"caption":"Proteyco Ingenier\u00eda y Urbanismo"},"image":{"@id":"https:\/\/www.proteyco.es\/en\/#\/schema\/logo\/image\/"},"sameAs":["https:\/\/x.com\/Proteyco","https:\/\/www.linkedin.com\/company\/proteyco-ib-rica-s.a.","https:\/\/www.youtube.com\/channel\/UCz7LVFTQjK_wKB9pI1JWrQQ"]}]}},"_links":{"self":[{"href":"https:\/\/www.proteyco.es\/en\/wp-json\/wp\/v2\/portfolio\/9349","targetHints":{"allow":["GET"]}}],"collection":[{"href":"https:\/\/www.proteyco.es\/en\/wp-json\/wp\/v2\/portfolio"}],"about":[{"href":"https:\/\/www.proteyco.es\/en\/wp-json\/wp\/v2\/types\/portfolio"}],"author":[{"embeddable":true,"href":"https:\/\/www.proteyco.es\/en\/wp-json\/wp\/v2\/users\/2"}],"replies":[{"embeddable":true,"href":"https:\/\/www.proteyco.es\/en\/wp-json\/wp\/v2\/comments?post=9349"}],"version-history":[{"count":4,"href":"https:\/\/www.proteyco.es\/en\/wp-json\/wp\/v2\/portfolio\/9349\/revisions"}],"predecessor-version":[{"id":9353,"href":"https:\/\/www.proteyco.es\/en\/wp-json\/wp\/v2\/portfolio\/9349\/revisions\/9353"}],"wp:featuredmedia":[{"embeddable":true,"href":"https:\/\/www.proteyco.es\/en\/wp-json\/wp\/v2\/media\/9343"}],"wp:attachment":[{"href":"https:\/\/www.proteyco.es\/en\/wp-json\/wp\/v2\/media?parent=9349"}],"wp:term":[{"taxonomy":"portfolio_category","embeddable":true,"href":"https:\/\/www.proteyco.es\/en\/wp-json\/wp\/v2\/portfolio_category?post=9349"},{"taxonomy":"portfolio_tag","embeddable":true,"href":"https:\/\/www.proteyco.es\/en\/wp-json\/wp\/v2\/portfolio_tag?post=9349"}],"curies":[{"name":"wp","href":"https:\/\/api.w.org\/{rel}","templated":true}]}}

<ul>
<li><strong> Ubicación: </strong></li>
</ul>
<p>El Bercial, Getafe. Madrid.</p>
<ul>
<li><strong> Tipo de actividad:</strong></li>
</ul>
<p>Residencial, con garaje, zonas verdes y piscina.</p>
<ul>
<li><strong> Descripción:</strong></li>
</ul>
<p>40 viviendas de 3 dormitorios con terraza ubicadas en una excelente zona consolidada, rodeada de zonas verdes y parques como el Parque de la Chopera y  el Parque de Andrés Fernández.</p>
<p>Edificio de 7 plantas sobre rasante y dos sótanos, para el aparcamiento y los trasteros.</p>
<p>Más de 2.000 metros cuadrados de zona verde, parque infantil y piscina.</p>
<ul>
<li><strong> Principales actuaciones:</strong></li>
</ul>
<p>Revisión de proyectos básicos y de ejecución, seguimiento de tramitación de licencias, dirección de ejecución de la obra, coordinación de seguridad y</p>
<p>salud de la obra, servicios de  ingeniería, colaboración en la entrega de las viviendas, servicios de post venta.</p>

<p>Ubicación: El Bercial, Getafe. Madrid. Tipo de actividad: Residencial, con garaje, zonas verdes y piscina. Descripción: 40 viviendas de 3 dormitorios con terraza ubicadas en una excelente zona consolidada, rodeada de zonas verdes y parques como el Parque de la Chopera y  el Parque de Andrés Fernández. Edificio de 7 plantas sobre rasante y dos [&hellip;]</p>

<!-- This site is optimized with the Yoast SEO plugin v27.5 - https://yoast.com/product/yoast-seo-wordpress/ -->
<title>Residencial El Bercial - Proteyco</title>
<meta name="robots" content="index, follow, max-snippet:-1, max-image-preview:large, max-video-preview:-1" />
<link rel="canonical" href="https://www.proteyco.es/en/portfolio/residencial-el-bercial/" />
<meta property="og:locale" content="en_US" />
<meta property="og:type" content="article" />
<meta property="og:title" content="Residencial El Bercial - Proteyco" />
<meta property="og:description" content="Ubicación: El Bercial, Getafe. Madrid. Tipo de actividad: Residencial, con garaje, zonas verdes y piscina. Descripción: 40 viviendas de 3 dormitorios con terraza ubicadas en una excelente zona consolidada, rodeada de zonas verdes y parques como el Parque de la Chopera y  el Parque de Andrés Fernández. Edificio de 7 plantas sobre rasante y dos [&hellip;]" />
<meta property="og:url" content="https://www.proteyco.es/en/portfolio/residencial-el-bercial/" />
<meta property="og:site_name" content="Proteyco" />
<meta property="article:modified_time" content="2022-11-25T10:35:04+00:00" />
<meta property="og:image" content="https://www.proteyco.es/wp-content/uploads/2022/11/Bercial-Proyecto-en-curso.jpg" />
	<meta property="og:image:width" content="1200" />
	<meta property="og:image:height" content="1200" />
	<meta property="og:image:type" content="image/jpeg" />
<meta name="twitter:card" content="summary_large_image" />
<meta name="twitter:site" content="@Proteyco" />
<meta name="twitter:label1" content="Est. reading time" />
	<meta name="twitter:data1" content="1 minute" />
<script type="application/ld+json" class="yoast-schema-graph">{"@context":"https:\/\/schema.org","@graph":[{"@type":"WebPage","@id":"https:\/\/www.proteyco.es\/en\/portfolio\/residencial-el-bercial\/","url":"https:\/\/www.proteyco.es\/en\/portfolio\/residencial-el-bercial\/","name":"Residencial El Bercial - Proteyco","isPartOf":{"@id":"https:\/\/www.proteyco.es\/en\/#website"},"primaryImageOfPage":{"@id":"https:\/\/www.proteyco.es\/en\/portfolio\/residencial-el-bercial\/#primaryimage"},"image":{"@id":"https:\/\/www.proteyco.es\/en\/portfolio\/residencial-el-bercial\/#primaryimage"},"thumbnailUrl":"https:\/\/www.proteyco.es\/wp-content\/uploads\/2022\/11\/Bercial-Proyecto-en-curso.jpg","datePublished":"2022-11-25T10:33:41+00:00","dateModified":"2022-11-25T10:35:04+00:00","breadcrumb":{"@id":"https:\/\/www.proteyco.es\/en\/portfolio\/residencial-el-bercial\/#breadcrumb"},"inLanguage":"en-US","potentialAction":[{"@type":"ReadAction","target":["https:\/\/www.proteyco.es\/en\/portfolio\/residencial-el-bercial\/"]}]},{"@type":"ImageObject","inLanguage":"en-US","@id":"https:\/\/www.proteyco.es\/en\/portfolio\/residencial-el-bercial\/#primaryimage","url":"https:\/\/www.proteyco.es\/wp-content\/uploads\/2022\/11\/Bercial-Proyecto-en-curso.jpg","contentUrl":"https:\/\/www.proteyco.es\/wp-content\/uploads\/2022\/11\/Bercial-Proyecto-en-curso.jpg","width":1200,"height":1200,"caption":"Bercial Proyecto en curso"},{"@type":"BreadcrumbList","@id":"https:\/\/www.proteyco.es\/en\/portfolio\/residencial-el-bercial\/#breadcrumb","itemListElement":[{"@type":"ListItem","position":1,"name":"Portada","item":"https:\/\/www.proteyco.es\/en\/"},{"@type":"ListItem","position":2,"name":"Portfolio","item":"https:\/\/www.proteyco.es\/en\/portfolio\/"},{"@type":"ListItem","position":3,"name":"Residencial El Bercial"}]},{"@type":"WebSite","@id":"https:\/\/www.proteyco.es\/en\/#website","url":"https:\/\/www.proteyco.es\/en\/","name":"Proteyco, Ingeniería y Urbanismo","description":"Ingeniería y Urbanismo","publisher":{"@id":"https:\/\/www.proteyco.es\/en\/#organization"},"potentialAction":[{"@type":"SearchAction","target":{"@type":"EntryPoint","urlTemplate":"https:\/\/www.proteyco.es\/en\/?s={search_term_string}"},"query-input":{"@type":"PropertyValueSpecification","valueRequired":true,"valueName":"search_term_string"}}],"inLanguage":"en-US"},{"@type":"Organization","@id":"https:\/\/www.proteyco.es\/en\/#organization","name":"Proteyco Ingeniería y Urbanismo","url":"https:\/\/www.proteyco.es\/en\/","logo":{"@type":"ImageObject","inLanguage":"en-US","@id":"https:\/\/www.proteyco.es\/en\/#\/schema\/logo\/image\/","url":"https:\/\/www.proteyco.es\/wp-content\/uploads\/2016\/07\/Logo-proteyco.png","contentUrl":"https:\/\/www.proteyco.es\/wp-content\/uploads\/2016\/07\/Logo-proteyco.png","width":142,"height":71,"caption":"Proteyco Ingeniería y Urbanismo"},"image":{"@id":"https:\/\/www.proteyco.es\/en\/#\/schema\/logo\/image\/"},"sameAs":["https:\/\/x.com\/Proteyco","https:\/\/www.linkedin.com\/company\/proteyco-ib-rica-s.a.","https:\/\/www.youtube.com\/channel\/UCz7LVFTQjK_wKB9pI1JWrQQ"]}]}</script>
<!-- / Yoast SEO plugin. -->

Ubicación: El Bercial, Getafe. Madrid. Tipo de actividad: Residencial, con garaje, zonas verdes y piscina. Descripción: 40 viviendas de 3 dormitorios con terraza ubicadas en una excelente zona consolidada, rodeada de zonas verdes y parques como el Parque de la Chopera y  el Parque de Andrés Fernández. Edificio de 7 plantas sobre rasante y dos [&hellip;]

Proteyco, Ingeniería y Urbanismo

Ingeniería y Urbanismo

Proteyco Ingeniería y Urbanismo
